+ -22?
133332200
In base 7, what is 26604 + 21?
26625
In base 12, what is -62 - -3a3?
341
In base 7, what is -5636 - 453?
-6422
In base 8, what is -171452 - -6?
-171444
In base 15, what is -7 + -59440?
-59447
In base 11, what is -1 - 13095?
-13096
In base 8, what is -2371521 - -1?
-2371520
In base 7, what is 224 + -100453?
-100226
In base 8, what is 3 + 151571?
151574
In base 10, what is 628010 - 0?
628010
In base 15, what is 89 - -922?
9ab
In base 5, what is 134414 + 311?
140230
In base 4, what is -2220002 - -11?
-2213331
In base 3, what is -2002101020 - -20?
-2002101000
In base 11, what is 8846 + -211?
8635
In base 14, what is 6 - -18ddd?
19005
In base 10, what is -7 + 1435?
1428
In base 14, what is -4ac - 8a?
-558
In base 9, what is 143334 - 17?
143316
In base 14, what is -20 - 2d9?
-319
In base 6, what is -1 + 10022554?
10022553
In base 14, what is -14 + 8536?
8522
In base 15, what is -4 - -3822?
381d
In base 9, what is -552884 - -4?
-552880
In base 15, what is 13 - 2615?
-2602
In base 10, what is 5 - 46589?
-46584
In base 3, what is -11 - 10011011100?
-10011011111
In base 12, what is 94 - -603?
697
In base 15, what is -2db9e - -1?
-2db9d
In base 6, what is 4 - 10251?
-10243
In base 5, what is -124120 + -13?
-124133
In base 12, what is -24a0b1 + 4?
-24a0a9
In base 15, what is -3 - 26883e?
-268842
In base 6, what is 1 + -121204?
-121203
In base 13, what is 13 - -36266?
36279
In base 9, what is -61701 - 4?
-61705
In base 9, what is -288 - 147?
-446
In base 8, what is -1 - -35715?
35714
In base 11, what is 3 - 34a11?
-34a09
In base 9, what is -1 + -117771?
-117772
In base 14, what is 1 + 2902?
2903
In base 8, what is 53763 + -4?
53757
In base 15, what is 13 - 1dcce?
-1dcbb
In base 13, what is -22 - 3c9a?
-3cbc
In base 4, what is -101 + 100332?
100231
In base 8, what is -1 - -4655462?
4655461
In base 11, what is 2 + 7a9317?
7a9319
In base 3, what is 212 + -110?
102
In base 8, what is -5361 + -1067?
-6450
In base 2, what is -101 + 10011110010010001001?
10011110010010000100
In base 5, what is 131042 + 3?
131100
In base 13, what is 6c2a - -1c4?
7121
In base 2, what is 10000101 - 1011000?
101101
In base 8, what is 114003 + 10?
114013
In base 3, what is 122002021120 - 10?
122002021110
In base 11, what is -5 + -6233?
-6238
In base 16, what is 4 + 3b8a9?
3b8ad
In base 12, what is -1 + 815b?
815a
In base 10, what is -11 - 70066?
-70077
In base 8, what is 3 + 3737707?
3737712
In base 10, what is -24405 + -9?
-24414
In base 8, what is -3 - -2377376?
2377373
In base 4, what is 1 - 103022121?
-103022120
In base 14, what is -1b81 + 5b8?
-15a7
In base 12, what is -15b0b + 5?
-15b06
In base 15, what is 3acc - -5?
3ad2
In base 5, what is 1013241 - 12?
1013224
In base 15, what is 31 - 155?
-124
In base 8, what is -1233 + 45?
-1166
In base 11, what is -64 - 408?
-471
In base 12, what is 8105 + -4?
8101
In base 5, what is 2 - 344224?
-344222
In base 16, what is 1420 + -11e?
1302
In base 8, what is -50 - -2076?
2026
In base 9, what is 68810 + 1?
68811
In base 10, what is 1528 - 9?
1519
In base 7, what is -3226626 - 2?
-3226631
In base 3, what is -1001210201 - -1000?
-1001202201
In base 15, what is -12 + -415?
-427
In base 6, what is 15010 + 102?
15112
In base 15, what is -19 + -187?
-1a1
In base 8, what is 572 - 234?
336
In base 15, what is 11b + ba9?
cc5
In base 2, what is 1011001001011111010 + 10?
1011001001011111100
In base 13, what is -305bc - 5?
-305c4
In base 7, what is -246 + 40?
-206
In base 10, what is 700 - 75?
625
In base 7, what is 1130 - 121?
1006
In base 6, what is -2001233 - 13?
-2001250
In base 13, what is -18 - 22584?
-2259c
In base 9, what is 45318 + 8?
45327
In base 5, what is -10444 - -10342?
-102
In base 2, what is 111010111111 - 10?
111010111101
In base 6, what is 3 + 410432?
410435
In base 14, what is -5 - 21150?
-21155
In base 2, what is -1101100101010 + 1?
-1101100101001
In base 16, what is -1db - 266?
-441
In base 11, what is 0 + -6985?
-6985
In base 4, what is -202013123 + -23?
-202013212
In base 2, what is -1000000 + 10001101001011?
10001100001011
In base 14, what is 15d1 - -8?
15d9
In base 8, what is -2326033 + 3?
-2326030
In base 3, what is 2100020 - 2?
2100011
In base 15, what is 429 + -7?
422
In base 12, what is 1 + -19b32b?
-19b32a
In base 11, what is -239 + 18?
-221
In base 9, what is -2 + 8505?
8503
In base 11, what is 11 - -6454?
6465
In base 9, what is -41482 + 1?
-41481
In base 16, what is 17 - 792?
-77b
In base 14, what is 3 - 918a?
-9187
In base 4, what is -3 + -21221231?
-21221300
In base 6, what is 1423 + 244?
2111
In base 10, what is 174 - 238?
-64
In base 15, what is 7488 - -2?
748a
In base 8, what is -3 + -23776?
-24001
In base 5, what is -4 + -12301?
-12310
In base 7, what is -161 - -44?
-114
In base 5, what is 2 - 33144224?
-33144222
In base 4, what is 20313 - 10231?
10022
In base 12, what is -599 - -81?
-518
In base 4, what is 2132 - 3001120?
-2332322
In base 9, what is -23012 - 4?
-23016
In base 7, what is 14 - -665013?
665030
In base 5, what is 1303 - 31423?
-30120
In base 3, what is 21201022 - -200012?
22101111
In base 9, what is 368144 + 1?
368145
In base 12, what is -1b5 + -31a?
-513
In base 5, what is -132010 + -14?
-132024
In base 16, what is -33 - -4?
-2f
In base 12, what is -3 - 4442b?
-44432
In base 6, what is -4 + 315012?
315004
In base 7, what is -44 + 234?
160
In base 14, what is 5 + 6851?
6856
In base 7, what is 403 - 21553?
-21150
In base 9, what is 1416 + 43?
1460
In base 4, what is -30 - 2222221122?
-2222221212
In base 16, what is 55f - -1e?
57d
In base 14, what is 1ca + -60?
16a
In base 5, what is 1121 - -1031?
2202
In base 13, what is c023 + 2?
c025
In base 16, what is -13b9c + -1?
-13b9d
In base 10, what is -3 + 9777?
9774
In base 14, what is c + -305?
-2d7
In base 7, what is 1444341 - -3?
1444344
In base 13, what is -802 - -28c?
-543
In base 7, what is 5 + -14233?
-14225
In base 4, what is 3132 + 12210?
22002
In base 15, what is -2 - -5e?
5c
In base 14, what is -a - -190?
184
In base 13, what is -161a5 + 2?
-161a3
In base 16, what is -158 + -8c?
-1e4
In base 2, what is -101010111110011 + 101?
-101010111101110
In base 7, what is -40524 + 26?
-40465
In base 14, what is 8482 - -25?
84a7
In base 7, what is -1 - -122305?
122304
In base 7, what is 5 + -2032331?
-2032323
In base 16, what is 18637 - -7?
1863e
In base 12, what is -3 + -75534?
-75537
In base 9, what is -13375 - -318?
-13056
In base 4, what is 21 - -1002130122?
1002130203
In base 11, what is 2125 + 0?
2125
In base 7, what is 566340 + -6?
566331
In base 9, what is -12 - 587?
-610
In base 14, what is -305 - -24?
-2c1
In base 3, what is 2201 - -1011022?
1021000
In base 10, what is 7 + -886?
-879
In base 4, what is -23200 - 232212?
-322012
In base 6, what is 20330 + 350?
21120
In base 12, what is 13 - -91272?
91285
In base 4, what is 10 - 20013313?
-20013303
In base 13, what is -398 + -326?
-6c1
In base 8, what is 120722 - 7?
120713
In base 8, what is 4 + 135551?
135555
In base 2, what is -10100 - 10111011101111?
-10111100000011
In base 7, what is -2343560 - -3?
-2343554
In base 15, what is -2 + 1c0175?
1c0173
In base 11, what is 12 + -a938?
-a926
In base 8, what is 0 + 1770?
1770
In base 12, what is -63 + -4283?
-4326
In base 3, what is 22221111011 - 101?
22221110210
In base 14, what is 4788d - 29?
47864
In base 16, what is -e29 - -4c?
-ddd
In base 4, what is 11 + -111120?
-111103
In base 4, what is 333 - -1023211?
1030210
In base 6, what is 2513341 - -2?
2513343
In base 13, what is -48 - 401c?
-4067
In base 13, what is 1c - -1213a?
12159
In base 4, what is 3 + 11230112?
11230121
In base 8, what is 1 + 73730?
73731
In base 5, what is -111002414 + -1?
-111002420
In base 14, what is 20a + 1bb?
3c7
In base 16, what is -d307 + 3?
-d304
In base 2, what is 1 + 111010011110100100?
111010011110100101
In base 2, what is -1100100 + -1000110111?
-1010011011
In base 10, what is 1570 + 366?
1936
In base 14, what is c9192 + 4?
c9196
In base 7, what is -331 + 1125?
464
In base 13, what is -5a - -270?
213
In base 6, what is -445 + 1050?
201
In base 12, what is 1 - 3b7975?
-3b7974
In base 11, what is -4a711 + 0?
-4a711
In base 11, what is -503 + -265?
-768
In base 15, what is 3d9b - 4a?
3d51
In base 16, what is 2 + 2c89?
2c8b
In base 14, what is 8c3c + 1